798?
9
What is the millions digit of 205631776?
5
What is the thousands digit of 292162200?
2
What is the units digit of 2317600901?
1
What is the thousands digit of 1173088169?
8
What is the hundreds digit of 140866248?
2
What is the ten thousands digit of 43345774?
4
What is the millions digit of 1534572665?
4
What is the hundred thousands digit of 189255533?
2
What is the millions digit of 2670464949?
0
What is the millions digit of 143842778?
3
What is the hundreds digit of 2221246691?
6
What is the units digit of 3944680509?
9
What is the units digit of 899549665?
5
What is the hundred millions digit of 1642498841?
6
What is the ten thousands digit of 57724066?
2
What is the hundreds digit of 187821662?
6
What is the hundred millions digit of 3244042126?
2
What is the ten thousands digit of 17969971?
6
What is the ten millions digit of 192127187?
9
What is the ten millions digit of 33434643?
3
What is the millions digit of 1308222520?
8
What is the hundred millions digit of 102512344?
1
What is the thousands digit of 50867160?
7
What is the ten thousands digit of 41501961?
0
What is the hundred thousands digit of 4291226199?
2
What is the thousands digit of 8755706?
5
What is the ten thousands digit of 390687906?
8
What is the thousands digit of 133392038?
2
What is the thousands digit of 4491947?
1
What is the units digit of 114207301?
1
What is the tens digit of 2427624322?
2
What is the ten millions digit of 60162025?
6
What is the ten thousands digit of 767642445?
4
What is the ten millions digit of 58006006?
5
What is the hundred millions digit of 187009457?
1
What is the billions digit of 6540773581?
6
What is the tens digit of 520319261?
6
What is the tens digit of 974633295?
9
What is the thousands digit of 71788617?
8
What is the ten thousands digit of 2290735870?
3
What is the units digit of 211761528?
8
What is the ten millions digit of 981096134?
8
What is the ten millions digit of 39055282?
3
What is the ten thousands digit of 17931930?
3
What is the ten millions digit of 45059247?
4
What is the millions digit of 46946288?
6
What is the units digit of 914070357?
7
What is the thousands digit of 1067337140?
7
What is the ten millions digit of 757347645?
5
What is the millions digit of 627821446?
7
What is the thousands digit of 36453629?
3
What is the hundred millions digit of 145209430?
1
What is the hundred thousands digit of 522361096?
3
What is the ten millions digit of 39162531?
3
What is the units digit of 142919247?
7
What is the units digit of 317697257?
7
What is the tens digit of 108080354?
5
What is the millions digit of 49506159?
9
What is the thousands digit of 2046864192?
4
What is the ten millions digit of 3512754299?
1
What is the hundreds digit of 57638743?
7
What is the ten millions digit of 309468164?
0
What is the ten millions digit of 217416773?
1
What is the thousands digit of 22170931?
0
What is the tens digit of 1578748658?
5
What is the thousands digit of 1751839496?
9
What is the hundreds digit of 277656805?
8
What is the tens digit of 50837925?
2
What is the units digit of 856868612?
2
What is the ten thousands digit of 434176458?
7
What is the thousands digit of 14266033?
6
What is the tens digit of 4664729481?
8
What is the units digit of 21754719?
9
What is the ten millions digit of 758692477?
5
What is the units digit of 230178051?
1
What is the hundred thousands digit of 49293364?
2
What is the hundreds digit of 2944399600?
6
What is the hundred thousands digit of 271795988?
7
What is the ten millions digit of 235674918?
3
What is the hundred millions digit of 594987945?
5
What is the ten millions digit of 4913212697?
1
What is the units digit of 5816469?
9
What is the tens digit of 22164244?
4
What is the units digit of 81162198?
8
What is the ten millions digit of 68159791?
6
What is the ten millions digit of 112874945?
1
What is the units digit of 3646071189?
9
What is the hundreds digit of 73189849?
8
What is the ten millions digit of 63499925?
6
What is the hundred thousands digit of 2157231770?
2
What is the units digit of 3010787216?
6
What is the hundreds digit of 464586449?
4
What is the ten thousands digit of 1337946317?
4
What is the millions digit of 42247579?
2
What is the hundreds digit of 567025353?
3
What is the hundred millions digit of 1253556650?
2
What is the ten thousands digit of 4326331493?
3
What is the ten thousands digit of 807602440?
0
What is the ten millions digit of 33640049?
3
What is the units digit of 277420533?
3
What is the ten thousands digit of 84216638?
1
What is the billions digit of 1258784625?
1
What is the ten millions digit of 27996009?
2
What is the tens digit of 46078?
7
What is the ten millions digit of 25850271?
2
What is the millions digit of 2897636924?
7
What is the thousands digit of 19958784?
8
What is the thousands digit of 1535174783?
4
What is the units digit of 1239299357?
7
What is the millions digit of 47383609?
7
What is the tens digit of 318942218?
1
What is the ten thousands digit of 300085892?
8
What is the units digit of 333125987?
7
What is the thousands digit of 706943259?
3
What is the millions digit of 2335534?
2
What is the units digit of 741084400?
0
What is the thousands digit of 33150791?
0
What is the hundreds digit of 713364728?
7
What is the hundred thousands digit of 151947593?
9
What is the ten thousands digit of 1997984424?
8
What is the hundred millions digit of 179795194?
1
What is the hundred millions digit of 2470138230?
4
What is the ten millions digit of 133004544?
3
What is the hundreds digit of 91778593?
5
What is the hundred millions digit of 775837492?
7
What is the thousands digit of 129581738?
1
What is the ten thousands digit of 199032065?
3
What is the tens digit of 682397608?
0
What is the thousands digit of 43699535?
9
What is the hundred millions digit of 135626491?
1
What is the millions digit of 41344555?
1
What is the hundreds digit of 18733127?
1
What is the hundreds digit of 195397188?
1
What is the ten millions digit of 34322250?
3
What is the hundreds digit of 46092319?
3
What is the units digit of 3330586702?
2
What is the thousands digit of 49278528?
8
What is the ten millions digit of 1106775454?
0
What is the millions digit of 1973173277?
3
What is the tens digit of 2501567815?
1
What is the thousands digit of 441591534?
1
What is the millions digit of 1110062893?
0
What is the millions digit of 343643758?
3
What is the millions digit of 1828075400?
8
What is the thousands digit of 14137174?
7
What is the tens digit of 76508660?
6
What is the hundreds digit of 512239982?
9
What is the thousands digit of 59016594?
6
What is the hundreds digit of 2213906878?
8
What is the thousands digit of 86102504?
2
What is the ten thousands digit of 2911487437?
8
What is the thousands digit of 46870334?
0
What is the hundreds digit of 248283434?
4
What is the units digit of 102661341?
1
What is the thousands digit of 727202188?
2
What is the tens digit of 17691116?
1
What is the thousands digit of 112138898?
8
What is the ten thousands digit of 196645926?
4
What is the millions digit of 253457700?
3
What is the units digit of 276710887?
7
What is the billions digit of 2001413466?
2
What is the ten thousands digit of 177870854?
7
What is the thousands digit of 260132446?
2
What is the ten thousands digit of 15667090?
6
What is the hundreds digit of 677870135?
1
What is the units digit of 140271252?
2
What is the ten thousands digit of 750443209?
4
What is the millions digit of 27342831?
7
What is the tens digit of 32728951?
5
What is the millions digit of 209296007?
9
What is the ten thousands digit of 966904506?
0
What is the units digit of 72322956?
6
What is the hundred millions digit of 273828614?
2
What is the ten thousands digit of 31444936?
4
What is the hundred thousands digit of 49934129?
9
What is the hundred thousands digit of 1477523337?
5
What is the units digit of 152306481?
1
What is the hundred thousands digit of 83997471?
9
What is the thousands digit of 2407616032?
6
What is the ten millions digit of 35712232?
3
What is the units digit of 24393403?
3
What is the units digit of 123484569?
9
What is the millions digit of 2556466713?
6
What is the tens digit of 105991307?
0
What is the hu